 of 433547?
73, 5939
What are the prime factors of 4541004?
2, 3, 13, 31, 313
List the prime factors of 1387975.
5, 59, 941
What are the prime factors of 465053?
37, 12569
What are the prime factors of 29960287?
7, 4280041
List the prime factors of 187438.
2, 93719
List the prime factors of 1926638.
2, 7, 19, 7243
What are the prime factors of 7431698?
2, 19, 223, 877
What are the prime factors of 231036?
2, 3, 13, 1481
List the prime factors of 237863.
31, 7673
List the prime factors of 651152.
2, 40697
What are the prime factors of 752648?
2, 13, 7237
What are the prime factors of 1424184?
2, 3, 59341
List the prime factors of 330427.
330427
What are the prime factors of 3000570?
2, 3, 5, 100019
List the prime factors of 9213693.
3, 3071231
List the prime factors of 17196435.
3, 5, 17, 59, 127
What are the prime factors of 455042?
2, 7, 32503
List the prime factors of 13074076.
2, 3268519
What are the prime factors of 6609639?
3, 73, 30181
List the prime factors of 3745801.
41, 103, 887
List the prime factors of 2728771.
2728771
List the prime factors of 122518.
2, 11, 5569
What are the prime factors of 6033?
3, 2011
List the prime factors of 390126.
2, 3, 11, 23, 257
What are the prime factors of 13315549?
13, 109, 9397
List the prime factors of 37720449.
3, 13, 322397
What are the prime factors of 238168?
2, 7, 4253
List the prime factors of 30246114.
2, 3, 43, 59, 1987
List the prime factors of 1014161.
1014161
List the prime factors of 1521900.
2, 3, 5, 19, 89
List the prime factors of 4584862.
2, 113, 20287
List the prime factors of 209569.
209569
What are the prime factors of 671989?
569, 1181
What are the prime factors of 72194?
2, 36097
What are the prime factors of 385789?
317, 1217
What are the prime factors of 1207891?
23, 52517
List the prime factors of 235854.
2, 3, 13103
List the prime factors of 13478707.
11, 29, 31, 47
What are the prime factors of 1675088?
2, 104693
What are the prime factors of 707941?
13, 59, 71
List the prime factors of 7277691.
3, 2425897
List the prime factors of 901987.
19, 29, 1637
List the prime factors of 600467.
7, 85781
What are the prime factors of 17079321?
3, 7, 813301
What are the prime factors of 5407573?
71, 76163
List the prime factors of 569612.
2, 142403
What are the prime factors of 22568305?
5, 4513661
What are the prime factors of 3046016?
2, 53, 449
What are the prime factors of 481050?
2, 3, 5, 1069
List the prime factors of 3905950.
2, 5, 191, 409
What are the prime factors of 1079663?
13, 53, 1567
List the prime factors of 3058724.
2, 23, 33247
What are the prime factors of 35660?
2, 5, 1783
What are the prime factors of 4256320?
2, 5, 47, 283
List the prime factors of 31798647.
3, 19, 185957
List the prime factors of 11782082.
2, 13, 453157
List the prime factors of 85473.
3, 9497
What are the prime factors of 312042?
2, 3, 131, 397
What are the prime factors of 2602232?
2, 239, 1361
List the prime factors of 138026.
2, 7, 9859
What are the prime factors of 894822?
2, 3, 293, 509
What are the prime factors of 16572311?
7, 29, 81637
List the prime factors of 30538.
2, 15269
What are the prime factors of 1452297?
3, 7, 11, 6287
List the prime factors of 84150.
2, 3, 5, 11, 17
List the prime factors of 607085.
5, 23, 5279
What are the prime factors of 15803941?
61, 509
List the prime factors of 2817170.
2, 5, 281717
What are the prime factors of 269478?
2, 3, 11, 1361
List the prime factors of 350854.
2, 7, 19, 1319
List the prime factors of 1539.
3, 19
List the prime factors of 50816.
2, 397
What are the prime factors of 246152?
2, 29, 1061
What are the prime factors of 8225380?
2, 5, 89, 4621
What are the prime factors of 3766957?
41, 79, 1163
What are the prime factors of 14820718?
2, 11, 673669
What are the prime factors of 7650413?
7650413
List the prime factors of 6413.
11, 53
List the prime factors of 1507462.
2, 11, 68521
What are the prime factors of 10081466?
2, 773, 6521
What are the prime factors of 491588?
2, 59, 2083
List the prime factors of 211251.
3, 67, 1051
List the prime factors of 142275.
3, 5, 7, 271
What are the prime factors of 648943?
37, 17539
What are the prime factors of 2190?
2, 3, 5, 73
What are the prime factors of 112156?
2, 11, 2549
List the prime factors of 3220386.
2, 3, 13, 19, 41, 53
List the prime factors of 682266.
2, 3, 13, 8747
What are the prime factors of 529202?
2, 264601
What are the prime factors of 1435926?
2, 3, 89, 2689
What are the prime factors of 141520?
2, 5, 29, 61
What are the prime factors of 123793?
79, 1567
What are the prime factors of 242352?
2, 3, 11, 17
List the prime factors of 29614.
2, 13, 17, 67
List the prime factors of 11295.
3, 5, 251
What are the prime factors of 35029143?
3, 277, 14051
What are the prime factors of 404485?
5, 80897
List the prime factors of 306843.
3, 23, 4447
What are the prime factors of 1453486?
2, 43, 16901
What are the prime factors of 3695244?
2, 3, 7, 43991
What are the prime factors of 955493?
7, 11, 12409
What are the prime factors of 10190416?
2, 53, 61, 197
What are the prime factors of 1102626?
2, 3, 7, 2917
What are the prime factors of 152031?
3, 11, 17, 271
What are the prime factors of 420186?
2, 3, 13, 5387
What are the prime factors of 1108273?
101, 10973
What are the prime factors of 874964?
2, 43, 5087
What are the prime factors of 5544892?
2, 1386223
List the prime factors of 5834232.
2, 3, 81031
What are the prime factors of 919708?
2, 31, 7417
What are the prime factors of 25071481?
17, 1474793
List the prime factors of 408848.
2, 11, 23, 101
What are the prime factors of 4874419?
11, 443129
What are the prime factors of 237607?
237607
List the prime factors of 273446.
2, 47, 2909
List the prime factors of 3761339.
43, 87473
List the prime factors of 145633.
145633
List the prime factors of 3596920.
2, 5, 89923
List the prime factors of 2537015.
5, 13, 23, 1697
What are the prime factors of 3222451?
29, 111119
What are the prime factors of 1055066?
2, 527533
What are the prime factors of 11474?
2, 5737
List the prime factors of 1151587.
23, 50069
What are the prime factors of 3284894?
2, 1642447
List the prime factors of 5016567.
3, 479, 3491
What are the prime factors of 457114?
2, 7, 103, 317
What are the prime factors of 5330171?
7, 11, 29, 31
What are the prime factors of 339800?
2, 5, 1699
What are the prime factors of 8927589?
3, 11, 97, 2789
What are the prime factors of 2276534?
2, 13, 87559
What are the prime factors of 649817?
7, 92831
List the prime factors of 4615117.
13, 355009
What are the prime factors of 1921834?
2, 23, 41, 1019
List the prime factors of 408034.
2, 11, 17, 1091
List the prime factors of 2200220.
2, 5, 11, 73, 137
List the prime factors of 16513211.
11, 13, 37, 3121
List the prime factors of 48919.
13, 53, 71
What are the prime factors of 941463?
3, 59, 197
What are the prime factors of 100516?
2, 13, 1933
What are the prime factors of 323024?
2, 13, 1553
What are the prime factors of 303465?
3, 5, 20231
What are the prime factors of 4900083?
3, 1633361
List the prime factors of 272961.
3, 13, 2333
List the prime factors of 271833.
3, 19, 251
List the prime factors of 1314667.
19, 69193
What are the prime factors of 7702335?
3, 5, 171163
List the prime factors of 469218.
2, 3, 78203
What are the prime factors of 1624118?
2, 727, 1117
List the prime factors of 1287720.
2, 3, 5, 7, 73
What are the prime factors of 294491?
17, 1019
What are the prime factors of 52958?
2, 26479
What are the prime factors of 965963?
965963
List the prime factors of 452593.
499, 907
List the prime factors of 20965.
5, 7, 599
What are the prime factors of 1855041?
3, 618347
List the prime factors of 3444249.
3, 181, 6343
List the prime factors of 778993.
778993
List the prime factors of 9715918.
2, 4857959
List the prime factors of 34340.
2, 5, 17, 101
What are the prime factors of 230343?
3, 76781
List the prime factors of 4316114.
2, 11, 196187
List the prime factors of 733542.
2, 3, 179, 683
List the prime factors of 746328.
2, 3, 11, 257
What are the prime factors of 4184759?
4184759
What are the prime factors of 66666?
2, 3, 41, 271
What are the prime factors of 326787?
3, 108929
What are the prime factors of 14510178?
2, 3, 43, 2083
What are the prime fact